igit of u(12)?
9
Let p(o) = 281*o - 1. Suppose 4*l - 3*j + 4*j = 2, 3*j = -3*l - 3. Let g be p(l). Let q = -106 + g. What is the units digit of q?
4
Let k(y) = -y**2 - 2*y + 34. Let n be k(4). What is the tens digit of 1805/n - 7/(-14)?
8
Suppose 0 = -5*k - 3*r - 4 + 2, 0 = -3*k - 5*r - 14. Let b be -5*6/(-30)*(195 + -2). Suppose n + n + b = f, -547 = -3*f - k*n. What is the hundreds digit of f?
1
Let l(p) = 77*p + 3806. What is the hundreds digit of l(55)?
0
Let s(d) = 10*d**2 - d - 5. Let l be s(-2). Let h = -34 + l. What is the units digit of -8*2/h*(-9)/6?
8
Suppose -35*r + 39*r = 8. Suppose -5*w = -m + 1740, -5*m + r*w + 3*w = -8680. What is the thousands digit of m?
1
Let w(o) = 25*o - 1. Let g be w(3). Suppose v + g = 5*y - 263, 2*v + 666 = 2*y. Let u = -222 - v. What is the hundreds digit of u?
1
Let z(j) = 2*j**2 - j + 6. Suppose -13*q + 15*q = -8. Let v be z(q). Let g = v - 9. What is the tens digit of g?
3
Let t(s) = s**3 - 6*s**2 - 10*s + 24. Let w be t(7). Suppose -5*c - 3*o + 248 = -3*c, 599 = 5*c - w*o. What is the units digit of c?
1
Let g = 110 + -96. What is the units digit of 149/((g/4)/7)?
8
Let v = 3342 - 1226. What is the thousands digit of v?
2
Let y(w) = -2*w**2 - 3*w + 47. Let h be y(-5). What is the thousands digit of (h/(-5))/((-38)/17955)?
1
Suppose 42*w = 44*w - z - 22166, -z + 22158 = 2*w. What is the ten thousands digit of w?
1
Suppose -536 = -0*h - 2*h. Suppose y + 2*z - h = -2*z, -3*z = 0. Let q = y + -135. What is the hundreds digit of q?
1
What is the units digit of (-2814)/(-603)*((-4241)/(-2) - 1)?
1
Suppose 5*r + 14 = 34. Suppose 38 = -r*z + 18. Let t(w) = -w**3 + 2*w**2 - 5*w - 11. What is the tens digit of t(z)?
8
Let w = 68910 + -37933. What is the ten thousands digit of w?
3
Let a(n) = -13*n + 7. Let j be a(1). Suppose -5 = t, -5*t - 34 = -5*y + 41. Let b = y - j. What is the tens digit of b?
1
Let b = -2429 - -2432. Suppose 0 = 4*c - 7*c + 18. What is the units digit of b/c*(-536)/(-4)?
7
Let c(j) = 4*j**3 - 14*j**2 - 84*j + 29. What is the tens digit of c(17)?
0
Let v = 509 + -867. Let p = -74 - v. What is the hundreds digit of p?
2
Let u(v) = -3*v**2 - 38*v - 32. Let m be u(-26). Let i = 1839 + m. What is the hundreds digit of i?
7
Let k(w) = 18*w**2 + 19*w - 59. Let z be k(9). Let d = z + -1010. What is the tens digit of d?
6
Suppose f = -1 + 14. Suppose -2*t - 5 = -f. Suppose 0*q + 2*q - 452 = -t*c, c - 683 = -3*q. What is the tens digit of q?
2
Suppose 1381 = 13*i - 79635. What is the hundreds digit of i?
2
Let d = -96 + 22. Let x be 6 + (-2868)/20 - 6/10. Let s = d - x. What is the units digit of s?
4
Let v = 27896 - 15344. What is the units digit of v?
2
Let g = 957 - 134. Suppose -5*m = -5*t - 0*m + 2110, 2*t = -5*m + g. Suppose -6*f + t = -319. What is the tens digit of f?
2
Suppose -4*t = 4*r, -2*t - 3 = 8*r - 7*r. What is the tens digit of -1 + t - (-2 - 5)*47?
2
Suppose 5*q - 4*l - 8 = 0, 0 = -4*q + l + 2*l + 7. Suppose -q*p + 1418 = 166. Suppose 2*i + 1 + 419 = 5*b, -4*b = 3*i - p. What is the units digit of b?
2
Suppose 5*m + 2*z - 119875 = -45330, -2*z = m - 14901. What is the tens digit of m?
1
Let m = -13801 + 36208. What is the thousands digit of m?
2
Let q be (13 - -1 - 7)*(3 + 100). Suppose 13*b + q = 14*b - n, -b - 4*n + 716 = 0. What is the hundreds digit of b?
7
Let n(j) = j**2 - 22. Suppose -2*k - 2*k = -2*o + 178, 5*o + 101 = -3*k. Let t = -31 - k. What is the tens digit of n(t)?
9
Let y = -43 + -8. Let c = 56 + y. Suppose c*b - 1540 = -5*b. What is the hundreds digit of b?
1
Let n = 4754 - -7927. What is the thousands digit of n?
2
Let w(p) be the first derivative of -51*p**2/2 - 152*p + 115. What is the units digit of w(-24)?
2
Let x(d) = -3*d**2 + 6*d - 9. Let v be x(2). Let a = 1241 - v. What is the thousands digit of a?
1
Suppose 3*r + 9 = 5*f, 5*f - 6 = -3*r + 5*r. Suppose -h = 5*a + 2, -4*h - a - 2 - 6 = f. What is the hundreds digit of ((-1096)/40)/(h/10)?
1
Let d be -6*(-18)/12 + 5. What is the hundreds digit of ((-14083)/(-7) - -4) + 2/d?
0
Let n(b) = -b**3 + 23*b**2 - 20*b - 50. Let c be n(17). Suppose 1328 = 4*t - 5*v, -4*t + v = -0*v - c. What is the tens digit of t?
3
Suppose -3*r + 5*u + 116 = -594, 5*u = 4*r - 940. Let y = r + -103. Suppose -5*z + y = -83. What is the units digit of z?
2
Let z = 13058 - 5931. What is the thousands digit of z?
7
Suppose -272*s - 6*s = 166*s - 3473856. What is the tens digit of s?
2
Suppose -20*c + 84 = -17*c. Suppose -300 = -3*z + 5*w - c, -4*w + 8 = 0. What is the units digit of z?
4
Suppose 2*a - 49680 = 4*m + 61146, m = -8. What is the units digit of a?
7
Suppose 4*z - 5956 - 1041 = 3*k, 5*z + 5*k = 8790. Suppose -20*v + 3207 = -z. What is the tens digit of v?
4
Suppose -14*l + 11495 = -26851. Suppose l = 9*f - 2886. What is the tens digit of f?
2
Suppose -2*a + 1784 = -2*k + 5*k, 2*k = -3*a + 1186. Let o be (k/6)/(-6*(-5)/45). Suppose 3*n - 44 = -r + o, 2*r + 134 = 2*n. What is the tens digit of n?
6
Suppose b + 2*q - 7822 = 0, -q = 15*b - 18*b + 23466. What is the tens digit of b?
2
Suppose 5*p + 77734 = 4*o, 0 = -4*o - p + 2780 + 74990. What is the tens digit of o?
4
Suppose -19*v - 45 = -4*v. What is the tens digit of (-1 - v - 0)/(10/2230)?
4
Suppose 51*j - 372670 + 100432 = 0. What is the units digit of j?
8
Suppose 468 = -0*q + 6*q. Suppose -24 = 9*o - q. Suppose 5*v = -2*p + 9, -2*v = 3*p - p - o. What is the units digit of p?
2
Let t = -1669 + 951. Let h = t - -1259. What is the units digit of h?
1
Let a(g) = -11*g - 3. Let x be a(-6). Suppose 2*t = -8*v + 8 - 2, 4*t + v = -78. Let z = t + x. What is the tens digit of z?
4
Suppose 515*l - 8 = 511*l. Let d = -10 + 15. Suppose 162 = -l*v + d*v. What is the tens digit of v?
5
Let h = 11 + -7. Suppose 4*v - 3 = 2*f + 47, h*v + 4*f - 80 = 0. Let i = v - 0. What is the units digit of i?
5
Let k(v) = -5*v**3 - 18*v**2 + 29*v - 13. What is the tens digit of k(-15)?
7
Suppose 5*b - 2*m = -0*m + 9335, -4*b + 3*m = -7468. Suppose 0 = -7*w + b - 201. What is the units digit of w?
8
Suppose -17*f = -592 - 2468. What is the units digit of f/4 + (-9 - -3)?
9
Let o(n) = -3*n**2 - 95*n + 37. Let y be o(-32). What is the units digit of (-1696)/(-40)*y/2?
6
Let p(y) = -2*y + 15. Let d be p(6). Suppose -577 = -2*b - n + 243, n - 1228 = -d*b. What is the hundreds digit of (b/(-28))/((-1)/7)?
1
Let o(a) = -a**2 + 9*a - 5. Let c be o(8). Let x = c + -2. Suppose 2*y - 5 = -z, z - 4*y = -x - 0. What is the units digit of z?
3
Let y = -106791 + 191084. What is the thousands digit of y?
4
Let f = 17 + -17. Suppose f*l = -6*l - 1548. Let r = -178 - l. What is the units digit of r?
0
Let p(x) = -x**2 + 194*x - 289. What is the hundreds digit of p(110)?
9
Let u = 100 - 97. Suppose -u*b + 40 = -7*b. What is the tens digit of (-32)/320 - 101/b?
1
Let a(r) = r**2 - 15*r - 20. Let o(b) = -3*b**2 + 29*b + 41. Let v(d) = -5*a(d) - 2*o(d). Let m be v(-15). What is the tens digit of (m/(-18))/(2/48)?
1
Let o = -150 - -150. Suppose 0*c + 5*c - j = 2304, o = 5*c - 5*j - 2320. What is the hundreds digit of c?
4
What is the ten thousands digit of 34815*(1 - -1 - 152/760)?
6
Let x = -1717 + 8559. Suppose -x - 10417 = -11*u. What is the units digit of u?
9
Let j be (-72)/(-45) + (16/(-10))/(-4). What is the tens digit of 2/(-6)*(-1 + j + -1528)?
0
What is the tens digit of -2*(2/8)/1 + 19971/14?
2
Let r(z) = 303 - 534 - 3*z + 264 + 2*z**2. What is the tens digit of r(20)?
7
Let g(o) = -2464*o - 48. What is the units digit of g(-2)?
0
Suppose -3*c = 3*l - 133989, 3335*l = 3339*l - 3*c - 178638. What is the hundreds digit of l?
6
Let l = -5541 - -8372. What is the hundreds digit of l?
8
What is the hundreds digit of 3 - ((-66)/(-12) - (-218344)/(-16))?
6
Let h(x) be the second derivative of 3*x**5/20 + 7*x**4/12 + 11*x**3/6 - x**2 + 10*x - 7. What is the hundreds digit of h(6)?
9
Suppose -252880 = -94*a + 65*a. What is the thousands digit of a?
8
Let m = -98049 - -170723. Suppose -m = -45*p - 6389. What is the units digit of p?
3
Let g = -26 - -29. Let u(x) = -21*x**3 + 8*x - 8. Let q be u(g). What is the tens digit of q/(-9) - ((-42)/27)/(-7)?
6
Let a(h) = 3880*h + 3945. What is the tens digit of a(9)?
6
Let k(u) = 94*u**3 + 3*u**2 - 19*u - 47. What is the ten thousands digit of k(6)?
2
Let w be 3 + (-5)/(